s the units digit of 5413?
3
What is the thousands digit of 5126?
5
What is the units digit of 2341?
1
What is the tens digit of 181?
8
What is the thousands digit of 1642?
1
What is the units digit of 11149?
9
What is the tens digit of 649?
4
What is the hundreds digit of 3104?
1
What is the tens digit of 53804?
0
What is the units digit of 3620?
0
What is the tens digit of 339?
3
What is the tens digit of 8183?
8
What is the thousands digit of 2229?
2
What is the thousands digit of 16000?
6
What is the hundreds digit of 6522?
5
What is the units digit of 43831?
1
What is the units digit of 15810?
0
What is the hundreds digit of 69681?
6
What is the tens digit of 84955?
5
What is the tens digit of 410?
1
What is the hundreds digit of 22553?
5
What is the hundreds digit of 946?
9
What is the thousands digit of 3753?
3
What is the thousands digit of 2729?
2
What is the ten thousands digit of 17379?
1
What is the hundreds digit of 1751?
7
What is the thousands digit of 69962?
9
What is the tens digit of 70632?
3
What is the hundreds digit of 3360?
3
What is the ten thousands digit of 38160?
3
What is the tens digit of 370?
7
What is the hundreds digit of 5885?
8
What is the tens digit of 3749?
4
What is the tens digit of 556?
5
What is the thousands digit of 19368?
9
What is the thousands digit of 18621?
8
What is the hundreds digit of 1520?
5
What is the tens digit of 27803?
0
What is the hundreds digit of 44130?
1
What is the thousands digit of 1699?
1
What is the hundreds digit of 7360?
3
What is the thousands digit of 11007?
1
What is the units digit of 17655?
5
What is the units digit of 58?
8
What is the units digit of 4480?
0
What is the ten thousands digit of 11414?
1
What is the tens digit of 2461?
6
What is the units digit of 603?
3
What is the tens digit of 1013?
1
What is the units digit of 4910?
0
What is the units digit of 750?
0
What is the units digit of 516?
6
What is the hundreds digit of 53288?
2
What is the tens digit of 1999?
9
What is the thousands digit of 1041?
1
What is the tens digit of 1446?
4
What is the tens digit of 23109?
0
What is the tens digit of 508?
0
What is the hundreds digit of 1799?
7
What is the tens digit of 801?
0
What is the tens digit of 7855?
5
What is the tens digit of 1567?
6
What is the hundreds digit of 26497?
4
What is the tens digit of 27517?
1
What is the tens digit of 9286?
8
What is the hundreds digit of 1350?
3
What is the units digit of 2352?
2
What is the hundreds digit of 246?
2
What is the thousands digit of 9067?
9
What is the ten thousands digit of 17238?
1
What is the hundreds digit of 9187?
1
What is the tens digit of 5816?
1
What is the hundreds digit of 2992?
9
What is the tens digit of 1712?
1
What is the tens digit of 1805?
0
What is the units digit of 1504?
4
What is the thousands digit of 1104?
1
What is the hundreds digit of 13073?
0
What is the hundreds digit of 198939?
9
What is the hundreds digit of 8328?
3
What is the hundreds digit of 641?
6
What is the hundreds digit of 4109?
1
What is the tens digit of 21433?
3
What is the units digit of 2267?
7
What is the units digit of 1769?
9
What is the thousands digit of 40954?
0
What is the tens digit of 37824?
2
What is the units digit of 30061?
1
What is the units digit of 654?
4
What is the hundreds digit of 680?
6
What is the hundreds digit of 2260?
2
What is the thousands digit of 127063?
7
What is the hundreds digit of 788?
7
What is the hundreds digit of 59279?
2
What is the units digit of 787?
7
What is the units digit of 10412?
2
What is the hundreds digit of 17669?
6
What is the tens digit of 978?
7
What is the units digit of 25793?
3
What is the ten thousands digit of 31586?
3
What is the hundreds digit of 610?
6
What is the hundreds digit of 595?
5
What is the units digit of 9799?
9
What is the units digit of 4794?
4
What is the thousands digit of 12648?
2
What is the thousands digit of 159509?
9
What is the hundreds digit of 10293?
2
What is the tens digit of 298?
9
What is the tens digit of 10016?
1
What is the thousands digit of 4665?
4
What is the hundreds digit of 6192?
1
What is the ten thousands digit of 84358?
8
What is the hundreds digit of 1000?
0
What is the hundreds digit of 753?
7
What is the units digit of 1206?
6
What is the thousands digit of 5430?
5
What is the hundreds digit of 155?
1
What is the tens digit of 1478?
7
What is the tens digit of 1170?
7
What is the thousands digit of 75485?
5
What is the ten thousands digit of 16044?
1
What is the hundreds digit of 6333?
3
What is the tens digit of 7213?
1
What is the ten thousands digit of 14561?
1
What is the hundreds digit of 2128?
1
What is the hundreds digit of 610?
6
What is the ten thousands digit of 26361?
2
What is the units digit of 10900?
0
What is the tens digit of 1021?
2
What is the hundreds digit of 5647?
6
What is the thousands digit of 35829?
5
What is the units digit of 2205?
5
What is the hundreds digit of 780?
7
What is the thousands digit of 88955?
8
What is the hundreds digit of 836?
8
What is the hundreds digit of 7760?
7
What is the units digit of 2775?
5
What is the tens digit of 9345?
4
What is the units digit of 83?
3
What is the tens digit of 957?
5
What is the tens digit of 17181?
8
What is the hundreds digit of 24371?
3
What is the tens digit of 6191?
9
What is the units digit of 664?
4
What is the hundreds digit of 1193?
1
What is the tens digit of 6091?
9
What is the ten thousands digit of 13266?
1
What is the hundreds digit of 2851?
8
What is the thousands digit of 77673?
7
What is the hundreds digit of 212?
2
What is the tens digit of 3505?
0
What is the tens digit of 981?
8
What is the tens digit of 31227?
2
What is the hundreds digit of 50205?
2
What is the units digit of 5373?
3
What is the thousands digit of 85049?
5
What is the tens digit of 5449?
4
What is the hundreds digit of 37161?
1
What is the thousands digit of 70222?
0
What is the hundreds digit of 1389?
3
What is the units digit of 132178?
8
What is the tens digit of 182?
8
What is the units digit of 155?
5
What is the hundreds digit of 685?
6
What is the thousands digit of 1768?
1
What is the ten thousands digit of 17207?
1
What is the thousands digit of 49183?
9
What is the hundreds digit of 2779?
7
What is the thousands digit of 45787?
5
What is the tens digit of 491?
9
What is the tens digit of 11395?
9
What is the units digit of 7465?
5
What is the hundreds digit of 29838?
8
What is the hundreds digit of 12122?
1
What is the hundreds digit of 1920?
9
What is the tens digit of 233?
3
What is the hundreds digit of 54781?
7
What is the tens digit of 2047?
4
What is the ten thousands digit of 14008?
1
What is the tens digit of 905?
0
What is the hundreds digit of 23022?
0
What is the tens digit of 110944?
4
What is the hundreds digit of 9982?
9
What is the tens digit of 932?
3
What is the units digit of 27421?
1
What is the hundreds digit of 59003?
0
What is the units digit of 52518?
8
What is the hundreds digit of 252?
2
What is the units digit of 10718?
8
What is the units digit of 16150?
0
What is the thousands digit of 74797?
4
What is the hundreds digit of 1417?
4
What is the hundred thousands digit of 130593?
1
What is the units digit of 278?
8
What is the thousands digit of 37789?
7
What is the units digit of 861?
1
What is the thousands digit of 1054?
1
What is the tens digit of 553?
5
What is the hundreds digit of 17409?
4
What is the units digit of 4377?
7
What is the tens digit of 50?
5
What is the ten thousands digit of 120509?
2
What is the thousands digit of 2571?
2
What is the tens digit of 4431?
3
What is the thousands digit of 13610?
3
What is the thousands digit of 4443?
4
What is the tens digit of 105293?
9
What is the units digit of 1563?
3
What is the tens digit of 327?
2
What is the units digit of 56399?
9
What is the tens digit of 196?
9
What is the tens digit of 956?
5
What is the units digit of 23554?
4
What is the hundreds digit of 133?
1
What is the units digit of 46322?
2
What is the units digit of 1398?
8
What is the tens digit of 49450?
5
What is the units digit of 1650?
0
What is the units digit of 860?
0
What is the tens digit of 9102?
0
What is the units digit of 28631?
1
What is the hundred thousands digit of 13098